hen 490 is divided by 9.
4
Calculate the remainder when 32 is divided by 19.
13
Calculate the remainder when 506 is divided by 253.
0
What is the remainder when 679 is divided by 114?
109
Calculate the remainder when 3529 is divided by 33.
31
Calculate the remainder when 436 is divided by 36.
4
What is the remainder when 209 is divided by 35?
34
Calculate the remainder when 140 is divided by 126.
14
What is the remainder when 9193 is divided by 18?
13
Calculate the remainder when 240 is divided by 20.
0
What is the remainder when 61 is divided by 5?
1
What is the remainder when 28 is divided by 10?
8
What is the remainder when 476 is divided by 120?
116
Calculate the remainder when 114 is divided by 21.
9
Calculate the remainder when 243 is divided by 23.
13
Calculate the remainder when 227 is divided by 123.
104
What is the remainder when 6777 is divided by 15?
12
Calculate the remainder when 840 is divided by 239.
123
Calculate the remainder when 486 is divided by 35.
31
Calculate the remainder when 198 is divided by 67.
64
What is the remainder when 240 is divided by 22?
20
What is the remainder when 28 is divided by 22?
6
What is the remainder when 122 is divided by 23?
7
What is the remainder when 788 is divided by 18?
14
What is the remainder when 104 is divided by 16?
8
What is the remainder when 999 is divided by 20?
19
What is the remainder when 29 is divided by 11?
7
What is the remainder when 479 is divided by 176?
127
What is the remainder when 426 is divided by 332?
94
Calculate the remainder when 2217 is divided by 17.
7
What is the remainder when 7149 is divided by 25?
24
What is the remainder when 91 is divided by 29?
4
Calculate the remainder when 8962 is divided by 2986.
4
What is the remainder when 605 is divided by 108?
65
Calculate the remainder when 656 is divided by 60.
56
Calculate the remainder when 461 is divided by 74.
17
Calculate the remainder when 417 is divided by 15.
12
Calculate the remainder when 1047 is divided by 214.
191
Calculate the remainder when 173 is divided by 50.
23
Calculate the remainder when 937 is divided by 10.
7
What is the remainder when 138 is divided by 12?
6
What is the remainder when 7210 is divided by 111?
106
Calculate the remainder when 414 is divided by 38.
34
Calculate the remainder when 6134 is divided by 104.
102
Calculate the remainder when 1668 is divided by 38.
34
Calculate the remainder when 580 is divided by 117.
112
What is the remainder when 168 is divided by 34?
32
What is the remainder when 537 is divided by 78?
69
Calculate the remainder when 2434 is divided by 106.
102
What is the remainder when 187 is divided by 52?
31
Calculate the remainder when 96 is divided by 78.
18
What is the remainder when 2594 is divided by 11?
9
What is the remainder when 773 is divided by 43?
42
Calculate the remainder when 438 is divided by 37.
31
What is the remainder when 360 is divided by 13?
9
Calculate the remainder when 3100 is divided by 771.
16
What is the remainder when 131 is divided by 46?
39
Calculate the remainder when 230 is divided by 5.
0
Calculate the remainder when 500 is divided by 80.
20
Calculate the remainder when 822 is divided by 120.
102
Calculate the remainder when 835 is divided by 274.
13
What is the remainder when 9382 is divided by 69?
67
Calculate the remainder when 329 is divided by 164.
1
Calculate the remainder when 1578 is divided by 105.
3
What is the remainder when 483 is divided by 58?
19
Calculate the remainder when 230 is divided by 18.
14
Calculate the remainder when 48 is divided by 14.
6
Calculate the remainder when 1687 is divided by 154.
147
Calculate the remainder when 72 is divided by 40.
32
What is the remainder when 151 is divided by 77?
74
What is the remainder when 21085 is divided by 15?
10
Calculate the remainder when 1934 is divided by 51.
47
Calculate the remainder when 128 is divided by 10.
8
What is the remainder when 826 is divided by 160?
26
What is the remainder when 163 is divided by 13?
7
What is the remainder when 9796 is divided by 97?
96
Calculate the remainder when 88 is divided by 12.
4
What is the remainder when 659 is divided by 276?
107
Calculate the remainder when 365 is divided by 16.
13
What is the remainder when 389 is divided by 128?
5
What is the remainder when 225 is divided by 11?
5
Calculate the remainder when 1271 is divided by 26.
23
What is the remainder when 1231 is divided by 16?
15
Calculate the remainder when 108 is divided by 19.
13
What is the remainder when 187 is divided by 7?
5
What is the remainder when 96 is divided by 49?
47
What is the remainder when 315 is divided by 30?
15
Calculate the remainder when 291 is divided by 42.
39
Calculate the remainder when 345 is divided by 4.
1
What is the remainder when 228 is divided by 50?
28
Calculate the remainder when 490 is divided by 9.
4
Calculate the remainder when 236 is divided by 119.
117
Calculate the remainder when 661 is divided by 67.
58
What is the remainder when 46 is divided by 45?
1
Calculate the remainder when 67 is divided by 24.
19
What is the remainder when 203 is divided by 91?
21
Calculate the remainder when 426 is divided by 337.
89
Calculate the remainder when 1896 is divided by 73.
71
Calculate the remainder when 3634 is divided by 140.
134
What is the remainder when 126 is divided by 13?
9
Calculate the remainder when 1259 is divided by 9.
8
What is the remainder when 3320 is divided by 158?
2
Calculate the remainder when 233 is divided by 66.
35
Calculate the remainder when 1021 is divided by 31.
29
Calculate the remainder when 123 is divided by 42.
39
Calculate the remainder when 442 is divided by 53.
18
What is the remainder when 304 is divided by 156?
148
Calculate the remainder when 424 is divided by 107.
103
What is the remainder when 251 is divided by 165?
86
What is the remainder when 8656 is divided by 152?
144
Calculate the remainder when 143 is divided by 16.
15
What is the remainder when 53529 is divided by 18?
15
What is the remainder when 282 is divided by 3?
0
Calculate the remainder when 89 is divided by 6.
5
Calculate the remainder when 644 is divided by 13.
7
What is the remainder when 2782 is divided by 23?
22
What is the remainder when 842 is divided by 220?
182
What is the remainder when 1184 is divided by 29?
24
What is the remainder when 143 is divided by 18?
17
What is the remainder when 1251 is divided by 42?
33
Calculate the remainder when 70 is divided by 18.
16
Calculate the remainder when 59 is divided by 20.
19
What is the remainder when 87 is divided by 13?
9
What is the remainder when 50 is divided by 3?
2
What is the remainder when 151 is divided by 37?
3
What is the remainder when 1747 is divided by 11?
9
Calculate the remainder when 87 is divided by 6.
3
What is the remainder when 594 is divided by 75?
69
Calculate the remainder when 8740 is divided by 53.
48
What is the remainder when 154 is divided by 82?
72
What is the remainder when 2365 is divided by 8?
5
Calculate the remainder when 228 is divided by 66.
30
Calculate the remainder when 1509 is divided by 9.
6
What is the remainder when 196 is divided by 64?
4
What is the remainder when 75 is divided by 7?
5
What is the remainder when 703 is divided by 71?
64
Calculate the remainder when 1147 is divided by 25.
22
Calculate the remainder when 29406 is divided by 16.
14
What is the remainder when 543 is divided by 41?
10
Calculate the remainder when 438 is divided by 218.
2
Calculate the remainder when 352 is divided by 18.
10
Calculate the remainder when 239 is divided by 69.
32
What is the remainder when 292 is divided by 21?
19
Calculate the remainder when 694 is divided by 28.
22
What is the remainder when 395 is divided by 35?
10
What is the remainder when 454 is divided by 13?
12
What is the remainder when 67 is divided by 3?
1
What is the remainder when 64 is divided by 32?
0
What is the remainder when 156 is divided by 19?
4
Calculate the remainder when 389 is divided by 78.
77
What is the remainder when 63 is divided by 24?
15
What is the remainder when 172 is divided by 58?
56
What is the remainder when 2973 is divided by 17?
15
What is the remainder when 440 is divided by 293?
147
Calculate the remainder when 32 is divided by 4.
0